is -1577a1 - -4?
-15779c
In base 12, what is -1915 + -2?
-1917
In base 7, what is 25352660 - -5?
25352665
In base 11, what is 91510 - 2?
91509
In base 7, what is -2221 + 3250?
1026
In base 4, what is -1 - -303232320?
303232313
In base 8, what is -1250 + 212?
-1036
In base 12, what is -7400 + -13?
-7413
In base 14, what is 3 - 860?
-85b
In base 12, what is -a5b3 - -1?
-a5b2
In base 12, what is -3a87 + -74?
-3b3b
In base 8, what is 303 + -5252?
-4747
In base 13, what is 17069c - -1?
1706a0
In base 9, what is 3 + 1151183?
1151186
In base 4, what is 0 - 3200131303?
-3200131303
In base 12, what is -4185857 + 0?
-4185857
In base 8, what is 2 - 54756?
-54754
In base 14, what is -5 - 14a08b?
-14a092
In base 8, what is 422176 + 5?
422203
In base 4, what is -1002 - -101110?
100102
In base 15, what is -15823 + 8?
-1581a
In base 15, what is a + ae6?
b01
In base 3, what is -1120 + 200100?
121210
In base 5, what is 1104440 + -10?
1104430
In base 13, what is -10c32 - b?
-10c40
In base 15, what is -27ba - 6?
-27c1
In base 8, what is 441320 + 4?
441324
In base 13, what is -17558 + 2?
-17556
In base 10, what is -9665 - -5?
-9660
In base 8, what is 4 - -460417?
460423
In base 7, what is -40 - 2536?
-2606
In base 5, what is -4 + 410303?
410244
In base 12, what is 8b + -10bb?
-1030
In base 2, what is 1101110110100101 - 100110?
1101110101111111
In base 16, what is -d62 - 4?
-d66
In base 11, what is 173755 - -6?
173760
In base 11, what is -37a - 945?
-1214
In base 6, what is 44205 - -23?
44232
In base 15, what is d - -2dcd4?
2dce2
In base 2, what is 100 + -101000000111111000?
-101000000111110100
In base 7, what is -2020 - -3141?
1121
In base 2, what is -1010010111101 - 10?
-1010010111111
In base 11, what is 79 - 258?
-18a
In base 14, what is -3 - 9dcd0?
-9dcd3
In base 10, what is -13 - 44?
-57
In base 2, what is -1000000010 - 1000010001?
-10000010011
In base 2, what is -1 + 1011100100011?
1011100100010
In base 13, what is 1 - 93528?
-93527
In base 5, what is 21101 - -22?
21123
In base 10, what is -6169 + -2?
-6171
In base 6, what is 4 + 15413?
15421
In base 14, what is 2 + -90cd?
-90cb
In base 14, what is 22b0b - 17?
22ad4
In base 13, what is -19 + -695?
-6b1
In base 4, what is -10101020 - 11?
-10101031
In base 14, what is -b2 - -1665?
1593
In base 11, what is 601 + -a?
5a2
In base 2, what is 100 + 10000110101?
10000111001
In base 8, what is 24 - 20372?
-20346
In base 4, what is -1312003 - -12?
-1311331
In base 4, what is -112203110 + -2?
-112203112
In base 16, what is -37 - -2bac?
2b75
In base 4, what is -1010001030 + 11?
-1010001013
In base 11, what is 38 + -a11?
-984
In base 8, what is -54 + 300?
224
In base 6, what is 1202 - 21?
1141
In base 13, what is -21 - -890?
86c
In base 4, what is 2 - -230?
232
In base 10, what is 199 - -201?
400
In base 6, what is -435 - -30402?
25523
In base 3, what is -10 + 12220202201?
12220202121
In base 15, what is -12dc - 5?
-12e2
In base 10, what is 5275 - -301?
5576
In base 8, what is 1104 - -25?
1131
In base 3, what is -211 + -100210201000?
-100210201211
In base 8, what is 1571544 - -4?
1571550
In base 4, what is -3 - 3011233?
-3011302
In base 9, what is -220 - 352?
-572
In base 14, what is 6 + 659?
661
In base 6, what is 2531121 - 3?
2531114
In base 7, what is 1552 - -34?
1616
In base 15, what is 962 - -3?
965
In base 5, what is 210323304 - 2?
210323302
In base 14, what is 8 - -581?
589
In base 12, what is -5 - -751?
748
In base 11, what is -416a3 + 3?
-416a0
In base 6, what is 4 + -5332221?
-5332213
In base 4, what is -11 + -21112033?
-21112110
In base 13, what is 772 - -3c?
7b1
In base 13, what is -31 + 4917?
48b6
In base 2, what is 10111 + -10100011110?
-10100000111
In base 6, what is -333 - 345345?
-350122
In base 5, what is -4 - 20231331?
-20231340
In base 4, what is -2233033302 - 10?
-2233033312
In base 6, what is 541 - -133121?
134102
In base 3, what is -11 - -1000012021?
1000012010
In base 7, what is 112361 - 44?
112314
In base 15, what is 8 - 5366?
-535d
In base 9, what is -20231 + -3?
-20234
In base 16, what is -366 + -9?
-36f
In base 9, what is -4 + 15730?
15725
In base 16, what is 367770 - -5?
367775
In base 10, what is -5 + 10779?
10774
In base 5, what is 14340322 - 0?
14340322
In base 4, what is 100301301 + 1?
100301302
In base 15, what is 5 + -d53?
-d4d
In base 15, what is -122 - 19dd?
-1b10
In base 12, what is 189b2 + 2?
189b4
In base 6, what is -2254 + -230?
-2524
In base 6, what is 2122051 + -3?
2122044
In base 2, what is 1101011101 + 101101?
1110001010
In base 10, what is 4682 + 19?
4701
In base 13, what is -3 - 4424?
-4427
In base 12, what is 2 - bb34?
-bb32
In base 15, what is -50 - -141a?
13ba
In base 16, what is -128f - 48?
-12d7
In base 12, what is -3 + 8b541?
8b53a
In base 10, what is 388 + -2?
386
In base 4, what is -1213302111 + 0?
-1213302111
In base 4, what is 10 + -3302331?
-3302321
In base 5, what is 100 + 4240321?
4240421
In base 12, what is 729 + -10?
719
In base 2, what is 10011 - 1010011011011000?
-1010011011000101
In base 3, what is 2 - -101111011020?
101111011022
In base 10, what is 5 - -60333?
60338
In base 4, what is -312233233 + -1?
-312233300
In base 16, what is 324b - 1a?
3231
In base 12, what is 23bb1b + 1?
23bb20
In base 5, what is -21 - 2000031?
-2000102
In base 4, what is -122 - 2011003?
-2011131
In base 14, what is -c66 + -11?
-c77
In base 7, what is -14434421 - 3?
-14434424
In base 6, what is 2431 - 3524?
-1053
In base 4, what is 30 - 33332001?
-33331311
In base 7, what is 1 + -260220?
-260216
In base 5, what is 10 + 412241?
412301
In base 6, what is -41 + 2252?
2211
In base 2, what is -11100010011 - -1100?
-11100000111
In base 11, what is -5143 + -12?
-5155
In base 13, what is -475 + -209?
-681
In base 10, what is -241086 + 0?
-241086
In base 5, what is 204112 + -2023?
202034
In base 3, what is 2110 - -211010?
220120
In base 9, what is -5 + -1348313?
-1348318
In base 6, what is -23 + 3524?
3501
In base 5, what is 140 - 314421?
-314231
In base 2, what is 1101100111 + -11111110?
1001101001
In base 8, what is 525560 - 2?
525556
In base 13, what is -14 + -3211?
-3225
In base 15, what is -4 - -b46b?
b467
In base 15, what is -31 + bc?
8b
In base 7, what is -1 - 200335?
-200336
In base 8, what is 65 - -70675?
70762
In base 4, what is 121301132 - -11?
121301203
In base 14, what is 64b - -6b9?
d26
In base 16, what is -3 + 4f5?
4f2
In base 13, what is -bb4 + -115?
-cc9
In base 12, what is 27035 - -5?
2703a
In base 8, what is 1140 - -607?
1747
In base 16, what is 41 + e5?
126
In base 10, what is 20 - 17891?
-17871
In base 3, what is -11210211 + -2022?
-11220010
In base 12, what is 8 + 15061?
15069
In base 16, what is 4df6 - -8?
4dfe
In base 7, what is 2 - 40116?
-40114
In base 10, what is 3 - -21705?
21708
In base 2, what is 1011010 - 10011?
1000111
In base 9, what is -1 + -185782?
-185783
In base 11, what is -5 - -45370?
45366
In base 10, what is 1565 - -59?
1624
In base 2, what is -1001 + 10000011001100?
10000011000011
In base 16, what is -5 + -2217?
-221c
In base 15, what is 1a + -811?
-7e6
In base 12, what is 6237 + 12?
6249
In base 7, what is -536 - -26616?
26050
In base 10, what is 221 + -314?
-93
In base 12, what is -3 - -a2?
9b
In base 2, what is -11110 - 1101010011?
-1101110001
In base 14, what is d + -b600?
-b5d1
In base 2, what is 1001001001110110100101 - 11?
1001001001110110100010
In base 14, what is -5 - -59d?
598
In base 2, what is -1111001111000000 + -100?
-1111001111000100
In base 11, what is -126917 + -a?
-126926
In base 12, what is -5 - 5513b?
-55144
In base 2, what is -100111110100100011 + 11?
-100111110100100000
In base 15, what is 3 - 2ab0?
-2aac
In base 11, what is 2 - -737?
739
In base 2, what is -1 + -10110111100011000111?
-10110111100011001000
In base 13, what is -1cc + 5a0?
3a1
In base 12, what is 4170 + 0?
4170
In base 10, what is -10 + -776?
-786
In base 11, what is 6418 + 18?
6435
In base 6, what is -3 - -301500?
301453
In base 16, what is -12a16 + 3?
-12a13
In base 7, what is 1206 - 1055?
121
In base 9, what is -81 - -3153?
3062
In base 5, what is 1221 + 323441?
330212
In base 11, what is 250496 + -1?
250495
In base 2, what is -1000001010100 - 110000?
-1000010000100
In base 4, what is 33010301 - 10?
33010231
In base 10, what is -186 - -27?
-159
In base 15,